- 3. Is n(-2) composite?
True
Let s be 3*(1/3 + 1). Suppose 4*x - 121 = -m + x, 0 = -m - s*x + 119. Is m prime?
True
Let o(u) = u**3 + 5*u**2 - 8*u - 5. Let j be o(-6). Let i be 1/(-1 - 1)*2. Let x = j + i. Is x composite?
True
Suppose s + 4*x - 315 = 0, -3*x = -5*s - 670 + 2199. Is s prime?
True
Let l(k) = 4*k**2 - 2*k + 3. Suppose -5*c + 0*c = -20. Is l(c) a composite number?
False
Is -5 + 20 + (-3)/3 prime?
False
Is (-18381)/(-12) + (-3)/4 a prime number?
True
Let w be (-1 + 14)/(10/(-30)). Let b = 58 + w. Is b a composite number?
False
Let g be -21*1*-16 - 2. Let j = g - 187. Suppose -o = 2*o - j. Is o a prime number?
False
Let d(f) = f**3 + 3*f**2 - 3*f + 2. Is d(5) composite?
True
Suppose -10*u + 20 = -5*u. Let o(q) be the second derivative of q**3 - 3*q**2/2 - q. Is o(u) composite?
True
Let f(m) = 11*m**2 + m - 4. Let p(t) be the third derivative of t**5/6 - t**3/2 + t**2. Let s(y) = -2*f(y) + 3*p(y). Is s(-3) a composite number?
True
Let v = 99 - 25. Is v a prime number?
False
Let j = -28 - -18. Suppose -42 + 2 = -2*h. Let i = h + j. Is i composite?
True
Suppose -32*q = -33*q + 109. Is q composite?
False
Let g be (0/(-2))/(0 + -2). Suppose -3*d = -g*k + k - 316, 3*k = d - 112. Is d composite?
True
Let v = 20 + -18. Is (-6)/v + 0 + 65 a composite number?
True
Is 9689/5 - 1 - 8/(-40) composite?
True
Suppose -2851 = -2*v - 4*d - 793, 0 = -v - 5*d + 1014. Is v a composite number?
False
Let x(b) = -10*b - 5. Is x(-10) a prime number?
False
Let n(t) = t**3 - 6*t**2 + 3*t - 6. Let p be n(6). Is (140/p)/((-2)/(-6)) composite?
True
Let k = 148 - -344. Suppose -5*l + 2347 - k = 0. Is l a prime number?
False
Let y(g) = 7*g**3 - 8*g**2 - 7*g - 6. Let m(w) = 15*w**3 - 16*w**2 - 15*w - 12. Let a(u) = 6*m(u) - 13*y(u). Is a(7) composite?
True
Let o(c) = c + 78. Let t be o(0). Is (t + -1)/(-6 - -7) composite?
True
Suppose -4 + 5 = g. Is g/(1 - 210/211) prime?
True
Let y = 190 + -123. Is y composite?
False
Suppose 494 = 2*t - 0*t. Is t a prime number?
False
Let x = -8 - -13. Suppose 3*c = 6*c + 5*q - 97, -3*c + 57 = -3*q. Suppose x - c = -d. Is d composite?
False
Let a = 196 + -111. Is a composite?
True
Let k(a) = 16*a - 1. Let l be (-22)/(-10) - (-5)/(-25). Is k(l) prime?
True
Suppose 4*g = 2*z + 202, -2*z + 5*z = 5*g - 255. Let a = -13 + g. Is a a composite number?
True
Let j = 13 - 9. Suppose -2*h - j = -38. Is h/(1/3 + 0) a prime number?
False
Is ((-1259)/4)/(2/(-8)) a composite number?
False
Suppose -2*l + 7*l + 180 = 0. Let k = 19 - l. Is k a composite number?
True
Let q = -310 + 671. Is q a composite number?
True
Suppose 0 = 5*k - 1208 - 1037. Is k prime?
True
Let q(i) = i**2 - 2*i + 10. Let f be q(12). Suppose d - f = -d. Is d a composite number?
True
Let t be (-4)/14 + 44/7. Let j(y) = y + 71. Let i be j(0). Suppose 0 = 4*f - 10 - t, i = 5*l - f. Is l a prime number?
False
Suppose -50*t = -52*t + 52. Is t a composite number?
True
Let r(t) = 27*t. Let g be r(1). Is g/(-6)*124/(-6) composite?
True
Let x = -8 - -7. Let m be 2 - (2/x + 1). Is ((-26)/(-4))/(m/12) a composite number?
True
Let i(t) = 17*t**2 + 1. Let g be i(-6). Suppose g = 3*c + 220. Is c composite?
False
Let x = -1311 - -2200. Is x composite?
True
Suppose -2*z = c + 14, -c - 9 = z - 0. Let j(x) = -5*x + 6. Is j(z) a prime number?
True
Is 1259 + 3 - (-4 - -7) a prime number?
True
Let s be 3*(-1)/(3/(-5)). Suppose 9*d - 56 = s*d. Is d a composite number?
True
Let j be 20/(-2)*(-2)/5. Let o(f) = f**3 - 5*f**2 + 3*f. Let z be o(j). Let g = 33 - z. Is g composite?
False
Let k = 268 - 74. Is k a prime number?
False
Let s(z) = -2*z**2 - 2*z + 11. Let v(p) = -5*p**2 - 4*p + 22. Let q(i) = 7*s(i) - 3*v(i). Is q(10) composite?
True
Let f = -5 - -8. Suppose f*n + 2*d - 10 = -0*n, n + 5*d - 12 = 0. Suppose 4*v - 340 = -0*v - n*g, -4*v + 328 = 5*g. Is v composite?
True
Suppose -5*v - 3*t = -8*t - 620, 0 = -3*t - 15. Is v prime?
False
Let o = -38 + 147. Is o a prime number?
True
Let g(o) = o**2 - 3*o + 4. Let a be g(4). Suppose 4*q = 0, q - 5*q - a = -4*m. Let s(c) = 2*c**3 - 3*c**2 + 2*c - 1. Is s(m) a prime number?
True
Suppose 0 = -t + 5 + 3. Suppose 2*i + 2*f = -2*i - 8, t = i - 2*f. Suppose i*b = b - 23. Is b composite?
False
Suppose -4*b + 309 = 5*p - 285, -5*p = -2*b - 618. Let u be 6/(-15) + p/5. Suppose u = 4*i - 52. Is i a composite number?
False
Let o be 956/(12/3)*2. Suppose 4*g - 1534 - o = 0. Is g a composite number?
False
Let m = -90 - -149. Is m composite?
False
Suppose 0 = -0*k - 2*k - 2*b - 4, 2*k - b = -1. Is (k/2)/(2/(-452)) composite?
False
Let u = 0 + 2. Suppose -5*q - u*x - x + 71 = 0, -4*x = -4*q + 44. Is q a prime number?
True
Let b = -265 + 619. Let d = 649 - b. Is d composite?
True
Suppose 5*q - 4*q = -4*d + 1065, -4*q - 5*d = -4304. Is q a composite number?
True
Let m be ((-3)/9)/(-1)*18. Let h(c) = c. Let q be h(m). Suppose 0 = -2*f - q + 48. Is f a composite number?
True
Suppose -6 - 14 = -5*b. Suppose 3*v - b*t = 39, 2*t = 2*v - 3*t - 33. Is (-2)/v + (-9171)/(-81) composite?
False
Suppose -1354 - 4200 = -2*i. Is i a composite number?
False
Let n(t) = 38*t**2 - 7*t + 7. Is n(4) prime?
True
Suppose 0 = -2*u - 2*i + 846, 68 + 355 = u - i. Suppose 4*y + c - 5*c - 348 = 0, -5*y = c - u. Is y prime?
False
Let x = 6 + -3. Suppose 2*d + x*d = 185. Is d a prime number?
True
Suppose -2*h + 54 = 4. Is h composite?
True
Let v(y) = 72*y**2 + 5*y + 7. Is v(-4) prime?
False
Let k(u) = -u**3 + 4*u**2 + 5*u - 3. Let h be k(5). Is (-6)/(-4)*(h + 29) composite?
True
Let j(m) = m**3 + m**2 + 4*m - 5. Let h(v) = 5*v**3 + 5*v**2 + 17*v - 19. Let o(n) = -2*h(n) + 9*j(n). Is o(-6) prime?
False
Suppose -5*d + 0*d - 31 = -3*c, -4*d - 20 = 0. Suppose c*z - 6*z + 1348 = 0. Is z a composite number?
False
Suppose -5*i - 14 - 21 = -2*g, 0 = 2*g - i - 15. Let d(b) = b**3 - 2*b**2 + 3*b - 1. Is d(g) composite?
False
Suppose -4*u - 2 = -10. Suppose u*o = 2*q - 78, -4*q - 152 = -8*q + 3*o. Is q a prime number?
False
Let c(q) = q**3 - 12*q**2 - 11*q + 3. Let p be c(13). Suppose 5*h = 468 + 12. Let s = h - p. Is s prime?
True
Let m(b) = b**3 + b**2 + 5*b - 3. Let s be (3 + -5)/(2/(-4)). Is m(s) prime?
True
Suppose -53*p - 2782 = -55*p. Is p a composite number?
True
Let p be (-58)/(-4)*(5 + -3). Let j = p + -16. Is j a composite number?
False
Suppose t = -4*t + 110. Suppose -4*p + t = 2. Suppose 0 = 2*g + p*c - 54, -3*g + 4*c + 65 + 62 = 0. Is g composite?
False
Let t(f) = 24*f**2 + 4*f - 7. Is t(3) a prime number?
False
Let t(y) = -105*y + 19. Is t(-10) composite?
False
Let b = 940 - -43. Is b composite?
False
Let x(n) = 55*n - 10. Is x(5) a composite number?
True
Let y(c) = 13*c - 16. Is y(11) a prime number?
True
Let s(f) = 18*f**2 + 15*f + 80. Is s(-13) a prime number?
True
Suppose 2*l = -4*t + 194, 2*t - 2*l - 67 = 3*l. Is t composite?
True
Let a(l) = l - 1. Let h be a(1). Suppose -3*d + 2*b + 14 = -d, h = -4*d - b + 28. Is d composite?
False
Suppose -5*c - 995 = -4*s - 10094, 0 = 2*c + 3*s - 3658. Is c composite?
False
Let o(t) = 8*t**3 + 2*t**2 - 2*t - 1. Let u be 1 + 4 - (-3 + 2). Suppose 3*v - u = 3*d, d = -0*d. Is o(v) a composite number?
False
Let n(k) = -5*k**3 - 7*k**2 - 6*k + 1. Is n(-5) a composite number?
True
Let p = 1438 + -873. Is p a prime number?
False
Let a = -338 - -1305. Is a a composite number?
False
Let b = 79 + -7. Let p = -41 + b. Is p composite?
False
Let w(v) be the second derivative of -5*v**3/2 + 5*v**2/2 + 2*v. Suppose 3 = -h - 1. Is w(h) a composite number?
True
Suppose -t + 2525 = 3*t + d, d = 1. Is t composite?
False
Suppose g + 4*g = 3715. Is g a composite number?
False
Suppose 22 = -b - 54. Let h = 489 + b. Is h composite?
True
Let z(k) = 24*k**2 - k + 41. Is z(-6) a composite number?
False
Let z(n) = -7*n**2 - 8*n + 5. Let s(q) = 14*q**2 + 15*q - 10. Let x(m) = 3*s(m) + 5*z(m). Suppose 0*d - 12 = -3*d. Is x(d) a prime number?
True
Suppose -x = -0*x - 9. Let k be x*((-24)/9 - -3). Suppose 4*q + 38 = 3*z, -66 = -k*z + q - 25. Is z prime?
False
Let x be 3/(3*1/(-218)). Is 4/8 + x/(-4) prime?
False
Let c = 60 - 21. Is c a composite number?
True
Let u = -4 - -12. Let p(n) = -n**3 + 7*n**2 - 10*n - 11. Let b be p(u). Let d = 30 - b. Is d prime?
False
Let u(f) = 5*f**2 - 3*f + 2. Let t be u(2). Let o be (-2)/((-10)/(-6) - 1). Let i = t + o. Is i a prime number?
True